 digit of 300740861?
0
What is the thousands digit of 104534622?
4
What is the units digit of 527412158?
8
What is the units digit of 243381340?
0
What is the ten thousands digit of 153711979?
1
What is the hundred millions digit of 224387185?
2
What is the hundreds digit of 3827251888?
8
What is the ten millions digit of 111124182?
1
What is the hundred millions digit of 290748617?
2
What is the units digit of 73576400?
0
What is the hundreds digit of 121960364?
3
What is the units digit of 102693830?
0
What is the hundred millions digit of 1366437360?
3
What is the tens digit of 1843729714?
1
What is the hundred thousands digit of 1501527413?
5
What is the hundreds digit of 501272679?
6
What is the units digit of 155556527?
7
What is the hundred thousands digit of 3132071271?
0
What is the billions digit of 1841137107?
1
What is the tens digit of 502652624?
2
What is the millions digit of 226607763?
6
What is the hundred thousands digit of 7181926565?
9
What is the millions digit of 116910094?
6
What is the millions digit of 3311785106?
1
What is the billions digit of 1464676407?
1
What is the hundred thousands digit of 6842084063?
0
What is the hundreds digit of 3808766?
7
What is the hundred thousands digit of 347893042?
8
What is the units digit of 39774368?
8
What is the millions digit of 367660445?
7
What is the millions digit of 79711319?
9
What is the tens digit of 121551756?
5
What is the millions digit of 2514241980?
4
What is the ten thousands digit of 130448045?
4
What is the ten thousands digit of 72329938?
2
What is the millions digit of 1935034544?
5
What is the millions digit of 184572696?
4
What is the tens digit of 11930516?
1
What is the tens digit of 1780678024?
2
What is the ten millions digit of 44132117?
4
What is the hundred thousands digit of 108905786?
9
What is the ten millions digit of 1826651205?
2
What is the hundred thousands digit of 1260483159?
4
What is the millions digit of 69218747?
9
What is the ten thousands digit of 3836424847?
2
What is the hundred thousands digit of 2467108398?
1
What is the thousands digit of 242261109?
1
What is the hundred millions digit of 2977381089?
9
What is the ten millions digit of 482113601?
8
What is the ten millions digit of 37457537?
3
What is the ten thousands digit of 5400498?
0
What is the hundred millions digit of 1456837126?
4
What is the hundred thousands digit of 75358848?
3
What is the thousands digit of 278463?
8
What is the hundred thousands digit of 2234087507?
0
What is the tens digit of 835390354?
5
What is the thousands digit of 45643407?
3
What is the hundreds digit of 75619196?
1
What is the ten thousands digit of 28617607?
1
What is the units digit of 595273735?
5
What is the hundred thousands digit of 237106822?
1
What is the hundreds digit of 363247581?
5
What is the ten thousands digit of 91931265?
3
What is the hundreds digit of 56272172?
1
What is the hundred thousands digit of 60642800?
6
What is the millions digit of 2514820092?
4
What is the ten thousands digit of 352086343?
8
What is the thousands digit of 57185521?
5
What is the ten thousands digit of 5371527?
7
What is the ten millions digit of 43457276?
4
What is the millions digit of 56191084?
6
What is the tens digit of 272896909?
0
What is the hundred thousands digit of 2211436740?
4
What is the thousands digit of 1862348075?
8
What is the millions digit of 135916501?
5
What is the millions digit of 292991382?
2
What is the hundreds digit of 473622754?
7
What is the hundreds digit of 437794057?
0
What is the thousands digit of 45151188?
1
What is the thousands digit of 37975910?
5
What is the millions digit of 32605923?
2
What is the ten thousands digit of 133858811?
5
What is the hundreds digit of 154545972?
9
What is the hundreds digit of 1544722377?
3
What is the hundreds digit of 628358925?
9
What is the hundreds digit of 186219671?
6
What is the hundred thousands digit of 552022914?
0
What is the hundreds digit of 6125790858?
8
What is the hundred thousands digit of 461160250?
1
What is the ten millions digit of 247900232?
4
What is the hundred thousands digit of 713317699?
3
What is the ten thousands digit of 1045418572?
1
What is the thousands digit of 86676669?
6
What is the units digit of 2762828845?
5
What is the millions digit of 775494888?
5
What is the units digit of 350835226?
6
What is the ten thousands digit of 67258395?
5
What is the millions digit of 74496463?
4
What is the millions digit of 572495584?
2
What is the ten thousands digit of 146427880?
2
What is the hundred thousands digit of 80777699?
7
What is the hundreds digit of 4666989360?
3
What is the millions digit of 369131437?
9
What is the hundreds digit of 664064357?
3
What is the hundred millions digit of 414520926?
4
What is the thousands digit of 41303937?
3
What is the ten millions digit of 109259279?
0
What is the hundred thousands digit of 83947996?
9
What is the ten millions digit of 1006336642?
0
What is the tens digit of 40273399?
9
What is the units digit of 49844647?
7
What is the ten thousands digit of 260599539?
9
What is the thousands digit of 1423486314?
6
What is the millions digit of 28072433?
8
What is the millions digit of 31754440?
1
What is the hundred thousands digit of 377020122?
0
What is the hundred millions digit of 1533897116?
5
What is the units digit of 2264233108?
8
What is the hundred thousands digit of 11392117?
3
What is the tens digit of 449745163?
6
What is the hundred thousands digit of 52667109?
6
What is the tens digit of 45559073?
7
What is the thousands digit of 250511266?
1
What is the ten thousands digit of 1483853245?
5
What is the thousands digit of 1721285?
1
What is the ten thousands digit of 59135109?
3
What is the ten thousands digit of 109070173?
7
What is the hundreds digit of 10346478?
4
What is the thousands digit of 2393992318?
2
What is the hundreds digit of 266448810?
8
What is the tens digit of 61446508?
0
What is the tens digit of 317796646?
4
What is the hundreds digit of 105633460?
4
What is the tens digit of 24250350?
5
What is the tens digit of 38819773?
7
What is the units digit of 122512171?
1
What is the ten millions digit of 3108029296?
0
What is the tens digit of 271611036?
3
What is the tens digit of 375688371?
7
What is the units digit of 350728759?
9
What is the hundred thousands digit of 2773751774?
7
What is the tens digit of 175127580?
8
What is the ten thousands digit of 54074642?
7
What is the hundred thousands digit of 91053632?
0
What is the ten millions digit of 363454454?
6
What is the tens digit of 296546711?
1
What is the hundred thousands digit of 298231456?
2
What is the units digit of 321711632?
2
What is the units digit of 81348197?
7
What is the hundred thousands digit of 4340498008?
4
What is the millions digit of 5579139?
5
What is the hundreds digit of 85018976?
9
What is the hundred thousands digit of 14317099?
3
What is the millions digit of 64363399?
4
What is the tens digit of 587823445?
4
What is the hundred millions digit of 238585095?
2
What is the billions digit of 4606736927?
4
What is the ten millions digit of 18249381?
1
What is the ten thousands digit of 124728224?
2
What is the thousands digit of 208526644?
6
What is the ten millions digit of 267119258?
6
What is the units digit of 119286961?
1
What is the hundreds digit of 6932357?
3
What is the units digit of 1378210527?
7
What is the tens digit of 494465928?
2
What is the tens digit of 17635261?
6
What is the ten thousands digit of 4600591143?
9
What is the tens digit of 919683873?
7
What is the hundred millions digit of 1362471818?
3
What is the ten millions digit of 14001436?
1
What is the ten thousands digit of 501416674?
1
What is the ten millions digit of 854497747?
5
What is the ten millions digit of 122602240?
2
What is the ten thousands digit of 40464870?
6
What is the thousands digit of 396914951?
4
What is the ten millions digit of 50402662?
5
What is the tens digit of 2916137632?
3
What is the hundred millions digit of 802516787?
8
What is the ten millions digit of 971179218?
7
What is the millions digit of 16457067?
6
What is the millions digit of 54785457?
4
What is the millions digit of 1701421505?
1
What is the ten thousands digit of 32366730